{"id":209,"date":"2020-10-04T05:56:51","date_gmt":"2020-10-04T05:56:51","guid":{"rendered":"https:\/\/bibliorion.com\/bibliorion\/?page_id=209"},"modified":"2020-10-27T10:06:27","modified_gmt":"2020-10-27T16:06:27","slug":"koha","status":"publish","type":"page","link":"https:\/\/bibliorion.com\/bibliorion\/index.php\/koha\/","title":{"rendered":"Koha"},"content":{"rendered":"<p>[et_pb_section bb_built=&#8221;1&#8243; admin_label=&#8221;Featured Project&#8221; disabled_on=&#8221;off|off|off&#8221; _builder_version=&#8221;3.4.1&#8243; custom_padding=&#8221;110px||110px|&#8221; next_background_color=&#8221;#000000&#8243;][et_pb_row admin_label=&#8221;Featured Project&#8221; _builder_version=&#8221;3.4.1&#8243;][et_pb_column type=&#8221;4_4&#8243;][et_pb_image src=&#8221;https:\/\/bibliorion.com\/bibliorion\/wp-content\/uploads\/2020\/10\/koha-min.jpg&#8221; align=&#8221;center&#8221; _builder_version=&#8221;3.4.1&#8243; \/][et_pb_text admin_label=&#8221;Title&#8221; disabled_on=&#8221;off|off|off&#8221; _builder_version=&#8221;3.4.1&#8243; text_font=&#8221;Montserrat|||on|||||&#8221; text_font_size=&#8221;16px&#8221; text_line_height=&#8221;1.8em&#8221; header_2_font=&#8221;Montserrat|600||on|||||&#8221; header_2_font_size=&#8221;30px&#8221; header_2_line_height=&#8221;1.5em&#8221; custom_margin=&#8221;||5px|&#8221; animation_style=&#8221;slide&#8221; animation_direction=&#8221;top&#8221; animation_intensity_slide=&#8221;20%&#8221; animation_starting_opacity=&#8221;100%&#8221;]<\/p>\n<p>&nbsp;<\/p>\n<div class=\"page-header\">\n<h2>Koha<\/h2>\n<div style=\"text-align: left;><div class=\"page_counter_label\"><span class=\"page_counter_text\" style=\"color:#c9c9c9;background:#FFFFFF;\">Total Page Visits: 12157<\/span><\/div><\/div>\n<\/div>\n<p>[\/et_pb_text][et_pb_divider show_divider=&#8221;off&#8221; _builder_version=&#8221;3.2&#8243; max_width=&#8221;23px&#8221; module_alignment=&#8221;left&#8221; animation_style=&#8221;slide&#8221; animation_intensity_slide=&#8221;20%&#8221; animation_starting_opacity=&#8221;100%&#8221; locked=&#8221;off&#8221; \/][et_pb_text _builder_version=&#8221;3.4.1&#8243; text_font_size=&#8221;16px&#8221; text_line_height=&#8221;1.8em&#8221; max_width=&#8221;90%&#8221; custom_margin=&#8221;|||&#8221; animation_style=&#8221;flip&#8221; animation_direction=&#8221;left&#8221; animation_intensity_flip=&#8221;30%&#8221; animation_starting_opacity=&#8221;100%&#8221;]<\/p>\n<p style=\"text-align: justify;\">Koha es un Sistema Integrado de Gesti\u00f3n de Bibliotecas que se est\u00e1 utilizando en bibliotecas de todo el mundo con caracter\u00edsticas muy diferentes. Sus funcionalidades se adaptan a cuestiones muy sencillas y b\u00e1sicas, pero tambi\u00e9n tiene capacidad y prestaciones para implementar soluciones muy avanzadas.<\/p>\n<p style=\"text-align: justify;\">Koha es un sistema para bibliotecas en software libre que fue desarrollado inicialmente por Katipo Communications Ltd. en Nueva Zelanda. El sistema Koha incluye m\u00f3dulos para gestionar la circulaci\u00f3n, catalogaci\u00f3n, adquisici\u00f3n, publicaci\u00f3n seriada, reservas, gesti\u00f3n de clientes (usuarios) y mucho m\u00e1s. Koha utiliza la bien conocida base de datos MySQL y es f\u00e1cilmente accesible tanto para los clientes como para el personal a trav\u00e9s de una intuitiva interfaz web.<\/p>\n<p style=\"text-align: justify;\">Koha nos permite automatizar el ciclo de producci\u00f3n de una biblioteca a trav\u00e9s de una interfaz de usuario intuitiva basada en Web y es relativamente f\u00e1cil de configurar. Aprender a gestionar Koha puede llevar un tiempo, ya que es un sistema muy completo.<\/p>\n<p style=\"text-align: justify;\">En la actualidad, Koha es el sistema de c\u00f3digo abierto m\u00e1s utilizado en distintos pa\u00edses de la Uni\u00f3n Europea, Estados Unidos y con gran aceptaci\u00f3n en Latinoam\u00e9rica, ha ganado premios a la innovaci\u00f3n en software para bibliotecas y se posiciona en la actualidad como la opci\u00f3n de c\u00f3digo abierto m\u00e1s estable y funcional enfocada a la gesti\u00f3n integral de las bibliotecas, reduciendo costos e incrementando la productividad de las mismas.<\/p>\n<p><strong>Principales caracter\u00edsticas<\/strong><\/p>\n<ul>\n<li>Cat\u00e1logo de pr\u00f3xima generaci\u00f3n (Web 2.0 y redes sociales)<\/li>\n<li>B\u00fasqueda r\u00e1pida (Zebra index)<\/li>\n<li>Soporta protocolo SIP2 (autopr\u00e9stamo)<\/li>\n<li>Catalogaci\u00f3n en Formato MARC 21<\/li>\n<li>Protocolo Z39.50<\/li>\n<li>Soporta m\u00faltiples bibliotecas<\/li>\n<li>Multiling\u00fce<\/li>\n<li>Funciona en entorno web<\/li>\n<\/ul>\n<p><strong>Koha en el mundo<\/strong><\/p>\n<p>El siguiente es un mapa de instalaciones de Koha a nivel mundial:<\/p>\n<p>&nbsp;<\/p>\n<p>[\/et_pb_text][et_pb_image src=&#8221;https:\/\/bibliorion.com\/bibliorion\/wp-content\/uploads\/2020\/10\/KohaOctubre2020.png&#8221; align=&#8221;center&#8221; _builder_version=&#8221;3.4.1&#8243; max_width=&#8221;67%&#8221; max_width_phone=&#8221;89%&#8221; max_width_last_edited=&#8221;on|phone&#8221; \/][et_pb_text _builder_version=&#8221;3.4.1&#8243;]<\/p>\n<p>Fuente: Library Technology URL:\u00a0<strong><a href=\"http:\/\/librarytechnology.org\/map.pl?ILS=koha\" target=\"_blank\" rel=\"noopener noreferrer\">http:\/\/librarytechnology.org\/map.pl?ILS=koha<\/a><\/strong><br \/> Consultado el d\u00eda: 23 de octubre de 2020<\/p>\n<p><strong>M\u00f3dulos<\/strong><\/p>\n<ul>\n<li>Administraci\u00f3n<\/li>\n<li>Adquisiciones<\/li>\n<li>Catalogaci\u00f3n<\/li>\n<li>Autoridades<\/li>\n<li>Publicaciones peri\u00f3dicas<\/li>\n<li>Circulaci\u00f3n<\/li>\n<li>OPAC<\/li>\n<li>Informes<\/li>\n<li>Herramientas<\/li>\n<\/ul>\n<p><strong>OPAC 2.0<\/strong><\/p>\n<p>Entre las m\u00faltiples caracter\u00edsticas del OPAC de Koha destacan:<\/p>\n<ul>\n<li>Permite la gesti\u00f3n de cat\u00e1logos colectivos de bibliotecas.<\/li>\n<li>Compatible con est\u00e1ndares internacionales como son el Formato MARC21, protocolo Z39.50, registros en normas ISO2709, XML, API, LDAP, SIP, etc.<\/li>\n<li>Sencillo e intuitivo de usar para usuarios y personal de biblioteca.<\/li>\n<li>Posibilidad de refinar la consulta mediante b\u00fasqueda avanzada y folksonom\u00edas (etiquetas asignadas por los mismos usuarios, previa autorizaci\u00f3n de un bibliotecario o no)<\/li>\n<li>Posibilidad de personalizar la b\u00fasqueda y recuperaci\u00f3n de los resultados mediante RSS<\/li>\n<li>Creaci\u00f3n de listas de novedades o tem\u00e1ticas.<\/li>\n<li>Posibilidad de elegir el idioma, ya que se encuentra traducido a varios idiomas, entre ellos el espa\u00f1ol.<\/li>\n<li>Facilidad de integraci\u00f3n con redes sociales (Facebook, Twitter, Delicious, Google+, etc.)<\/li>\n<li>Posibilidad de enriquecer el cat\u00e1logo con etiquetas, comentarios y valoraciones por parte de los usuarios<\/li>\n<li>Consulta del cat\u00e1logo los 365 d\u00edas del a\u00f1o, las 24 horas del d\u00eda desde cualquier lugar con acceso a internet.<\/li>\n<li>Diferentes opciones de b\u00fasqueda; b\u00e1sica, avanzada, etiquetas, autores o temas.<\/li>\n<li>Posibilidad de renovar sus pr\u00e9stamos vigentes sin necesidad de ir a la biblioteca.<\/li>\n<li>Posibilidad de intercambiar opiniones sobre los materiales consultados.<\/li>\n<li>Posibilidad de crear listas de materiales de inter\u00e9s del usuario de manera p\u00fablica o privada.<\/li>\n<li>Consulta de su historial de pr\u00e9stamo, adeudo, multas, etc.<\/li>\n<li>Posibilidad de crear RSS de las b\u00fasquedas m\u00e1s frecuentes que realice.<\/li>\n<li>Posibilidad de enviar sugerencias de material para su adquisici\u00f3n.<\/li>\n<li>Posibilidad de administrar las etiquetas asignadas a diversos materiales.<\/li>\n<li>Posibilidad de guardar los registros en diferentes formatos; BibTex, RIS, Dublin Core, etc., que le permiten al usuario crear citas bibliogr\u00e1ficas con gestores de bibliograf\u00eda como la extensi\u00f3n para el explorador web Firefox, Chrome o Safari Zotero.<\/li>\n<li>Posibilidad de crear canastas de resultados para su posterior impresi\u00f3n, descarga o env\u00edo por correo.<\/li>\n<li>Posibilidad de reservar material desde el OPAC.<\/li>\n<\/ul>\n<p>[\/et_pb_text][\/et_pb_column][\/et_pb_row][\/et_pb_section][et_pb_section bb_built=&#8221;1&#8243; admin_label=&#8221;Footer Section&#8221; _builder_version=&#8221;3.0.89&#8243; background_image=&#8221;https:\/\/bibliorion.com\/bibliorion\/wp-content\/uploads\/2020\/10\/10_img.jpg&#8221; background_position=&#8221;top_center&#8221; custom_padding=&#8221;90px||90px|&#8221; prev_background_color=&#8221;#ffffff&#8221;][et_pb_row admin_label=&#8221;Footer Area&#8221; custom_padding=&#8221;|||&#8221; custom_margin=&#8221;|||&#8221; _builder_version=&#8221;3.0.89&#8243; locked=&#8221;off&#8221;][et_pb_column type=&#8221;4_4&#8243;][et_pb_text admin_label=&#8221;Title&#8221; _builder_version=&#8221;3.4.1&#8243; header_2_font=&#8221;Montserrat|600||on|||||&#8221; header_2_font_size=&#8221;30px&#8221; header_2_line_height=&#8221;1.5em&#8221; custom_margin=&#8221;||5px|&#8221; animation_style=&#8221;slide&#8221; animation_direction=&#8221;top&#8221; animation_intensity_slide=&#8221;20%&#8221; animation_starting_opacity=&#8221;100%&#8221;]<\/p>\n<h2>CONT\u00c1CTANOS, NOS ENCANTAR\u00c1 ESCUCHARTE<\/h2>\n<p>[\/et_pb_text][et_pb_divider show_divider=&#8221;off&#8221; _builder_version=&#8221;3.2&#8243; max_width=&#8221;23px&#8221; animation_style=&#8221;slide&#8221; \/][\/et_pb_column][\/et_pb_row][et_pb_row admin_label=&#8221;Contact Form Area&#8221; _builder_version=&#8221;3.0.89&#8243;][et_pb_column type=&#8221;1_2&#8243;][et_pb_contact_form captcha=&#8221;off&#8221; submit_button_text=&#8221;Enviar &#8221; form_background_color=&#8221;#ffffff&#8221; module_id=&#8221;et_pb_contact_form_0&#8243; _builder_version=&#8221;3.4.1&#8243; form_field_font=&#8221;Montserrat|300|||||||&#8221; form_field_font_size=&#8221;16px&#8221; border_width_all=&#8221;1px&#8221; border_color_all=&#8221;rgba(0,0,0,0.12)&#8221; custom_button=&#8221;on&#8221; button_text_size=&#8221;16px&#8221; button_text_color=&#8221;#ffffff&#8221; button_bg_color=&#8221;#e02b20&#8243; button_border_width=&#8221;8px&#8221; button_border_color=&#8221;#e02b20&#8243; button_letter_spacing=&#8221;2px&#8221; button_font=&#8221;Montserrat|600||on|||||&#8221; animation_style=&#8221;fade&#8221;][et_pb_contact_field field_id=&#8221;Name&#8221; field_title=&#8221;Nombre&#8221; fullwidth_field=&#8221;on&#8221; _builder_version=&#8221;3.4.1&#8243; form_field_font=&#8221;||||||||&#8221;][\/et_pb_contact_field][et_pb_contact_field field_id=&#8221;Email&#8221; field_title=&#8221;Email &#8221; field_type=&#8221;email&#8221; fullwidth_field=&#8221;on&#8221; _builder_version=&#8221;3.4.1&#8243; form_field_font=&#8221;||||||||&#8221;][\/et_pb_contact_field][et_pb_contact_field field_id=&#8221;Subject&#8221; field_title=&#8221;Asunto&#8221; fullwidth_field=&#8221;on&#8221; _builder_version=&#8221;3.4.1&#8243; form_field_font=&#8221;||||||||&#8221;][\/et_pb_contact_field][et_pb_contact_field field_id=&#8221;Message&#8221; field_title=&#8221;Mensaje&#8221; field_type=&#8221;text&#8221; fullwidth_field=&#8221;on&#8221; _builder_version=&#8221;3.4.1&#8243; form_field_font=&#8221;||||||||&#8221;][\/et_pb_contact_field][\/et_pb_contact_form][\/et_pb_column][et_pb_column type=&#8221;1_2&#8243;][\/et_pb_column][\/et_pb_row][\/et_pb_section]<\/p>\n ","protected":false},"excerpt":{"rendered":"<p>&nbsp; Koha<\/p>\n","protected":false},"author":1,"featured_media":0,"parent":0,"menu_order":0,"comment_status":"closed","ping_status":"closed","template":"","meta":{"_et_pb_use_builder":"on","_et_pb_old_content":"","_et_gb_content_width":"","om_disable_all_campaigns":false,"_monsterinsights_skip_tracking":false,"_monsterinsights_sitenote_active":false,"_monsterinsights_sitenote_note":"","_monsterinsights_sitenote_category":0,"footnotes":""},"class_list":["post-209","page","type-page","status-publish","hentry"],"aioseo_notices":[],"_links":{"self":[{"href":"https:\/\/bibliorion.com\/bibliorion\/index.php\/wp-json\/wp\/v2\/pages\/209"}],"collection":[{"href":"https:\/\/bibliorion.com\/bibliorion\/index.php\/wp-json\/wp\/v2\/pages"}],"about":[{"href":"https:\/\/bibliorion.com\/bibliorion\/index.php\/wp-json\/wp\/v2\/types\/page"}],"author":[{"embeddable":true,"href":"https:\/\/bibliorion.com\/bibliorion\/index.php\/wp-json\/wp\/v2\/users\/1"}],"replies":[{"embeddable":true,"href":"https:\/\/bibliorion.com\/bibliorion\/index.php\/wp-json\/wp\/v2\/comments?post=209"}],"version-history":[{"count":11,"href":"https:\/\/bibliorion.com\/bibliorion\/index.php\/wp-json\/wp\/v2\/pages\/209\/revisions"}],"predecessor-version":[{"id":598,"href":"https:\/\/bibliorion.com\/bibliorion\/index.php\/wp-json\/wp\/v2\/pages\/209\/revisions\/598"}],"wp:attachment":[{"href":"https:\/\/bibliorion.com\/bibliorion\/index.php\/wp-json\/wp\/v2\/media?parent=209"}],"curies":[{"name":"wp","href":"https:\/\/api.w.org\/{rel}","templated":true}]}}