{"id":247,"date":"2020-10-04T16:53:10","date_gmt":"2020-10-04T16:53:10","guid":{"rendered":"https:\/\/bibliorion.com\/bibliorion\/?page_id=247"},"modified":"2020-10-27T10:48:08","modified_gmt":"2020-10-27T16:48:08","slug":"247-2","status":"publish","type":"page","link":"https:\/\/bibliorion.com\/bibliorion\/index.php\/247-2\/","title":{"rendered":"Capacitacion"},"content":{"rendered":"<p>[et_pb_section bb_built=&#8221;1&#8243; admin_label=&#8221;Hero Section&#8221; next_background_color=&#8221;#ffffff&#8221; _builder_version=&#8221;3.18.2&#8243; use_background_color_gradient=&#8221;on&#8221; background_color_gradient_start=&#8221;rgba(0,0,0,0.4)&#8221; background_color_gradient_end=&#8221;rgba(0,0,0,0.4)&#8221; background_color_gradient_overlays_image=&#8221;on&#8221; background_image=&#8221;https:\/\/bibliorion.com\/bibliorion\/wp-content\/uploads\/2020\/10\/16_img.jpg&#8221; background_position=&#8221;center_right&#8221; custom_padding=&#8221;6%||6%|&#8221; bottom_divider_style=&#8221;slant&#8221; bottom_divider_height=&#8221;60px&#8221;][et_pb_row admin_label=&#8221;Page Title Area&#8221; _builder_version=&#8221;3.0.89&#8243;][et_pb_column type=&#8221;4_4&#8243;][et_pb_text admin_label=&#8221;Hero Section Title&#8221; _builder_version=&#8221;3.4.1&#8243; text_font=&#8221;Montserrat||||||||&#8221; text_font_size=&#8221;18px&#8221; text_line_height=&#8221;1.8em&#8221; header_font=&#8221;Montserrat|600||on|||||&#8221; header_font_size=&#8221;48px&#8221; header_font_size_phone=&#8221;30px&#8221; header_font_size_last_edited=&#8221;on|phone&#8221; header_letter_spacing=&#8221;3px&#8221; header_line_height=&#8221;1.3em&#8221; header_2_font=&#8221;Montserrat|700|||||||&#8221; header_2_text_color=&#8221;rgba(255,255,255,0.6)&#8221; header_2_font_size=&#8221;90px&#8221; header_2_font_size_phone=&#8221;50px&#8221; header_2_font_size_last_edited=&#8221;on|phone&#8221; header_2_letter_spacing=&#8221;3px&#8221; header_2_line_height=&#8221;1.1em&#8221; text_orientation=&#8221;center&#8221; background_layout=&#8221;dark&#8221; max_width=&#8221;700px&#8221; module_alignment=&#8221;center&#8221; custom_margin=&#8221;|||&#8221; animation_style=&#8221;fade&#8221; animation_direction=&#8221;bottom&#8221;]<\/p>\n<h1>Capacitaci\u00f3n<\/h1>\n<p>Contamos con personal altamente calificado para brindarle cursos de capacitaci\u00f3n bibliotecaria y archiv\u00edstica, algunos de los cursos que impartimos son:<\/p>\n<p>[\/et_pb_text][\/et_pb_column][\/et_pb_row][\/et_pb_section][et_pb_section bb_built=&#8221;1&#8243; admin_label=&#8221;Service Section&#8221; _builder_version=&#8221;3.4.1&#8243; custom_padding=&#8221;89px||90px|&#8221; prev_background_color=&#8221;#000000&#8243; next_background_color=&#8221;#e8e8e8&#8243;][et_pb_row _builder_version=&#8221;3.0.47&#8243; background_size=&#8221;initial&#8221; background_position=&#8221;top_left&#8221; background_repeat=&#8221;repeat&#8221;][et_pb_column type=&#8221;4_4&#8243;][et_pb_text admin_label=&#8221;Title&#8221; _builder_version=&#8221;3.4.1&#8243; header_2_font=&#8221;Montserrat|600||on|||||&#8221; header_2_font_size=&#8221;30px&#8221; header_2_line_height=&#8221;1.5em&#8221; text_orientation=&#8221;center&#8221; custom_margin=&#8221;||5px|&#8221; animation_style=&#8221;slide&#8221; animation_direction=&#8221;top&#8221; animation_intensity_slide=&#8221;20%&#8221; animation_starting_opacity=&#8221;100%&#8221;]<\/p>\n<h2>Cursos<\/h2>\n<div style=\"text-align: left;><div class=\"page_counter_label\"><span class=\"page_counter_text\" style=\"color:#c9c9c9;background:#FFFFFF;\">Total Page Visits: 9957<\/span><\/div><\/div>\n<p>[\/et_pb_text][\/et_pb_column][\/et_pb_row][et_pb_row admin_label=&#8221;Section Title&#8221; custom_padding=&#8221;27px|0px|27px|0px&#8221; custom_margin=&#8221;|||&#8221; _builder_version=&#8221;3.0.91&#8243; locked=&#8221;off&#8221;][et_pb_column type=&#8221;1_2&#8243;][et_pb_text _builder_version=&#8221;3.4.1&#8243;]<\/p>\n<h3>Taller de restauraci\u00f3n de material bibliogr\u00e1fico<\/h3>\n<p>[\/et_pb_text][et_pb_tabs _builder_version=&#8221;3.4.1&#8243;][et_pb_tab title=&#8221;B\u00e1sico &#8221; _builder_version=&#8221;3.4.1&#8243;]<\/p>\n<p style=\"text-align: justify;\">Los alumnos obtendr\u00e1n los conocimientos b\u00e1sicos de la encuadernaci\u00f3n a trav\u00e9s de la pr\u00e1ctica con diferentes tipos de encuadernaciones, as\u00ed mismo conociendo los diferentes tipos de materiales que hay en el mercado.<\/p>\n<p>[\/et_pb_tab][et_pb_tab title=&#8221;Intermedio &#8221; _builder_version=&#8221;3.4.1&#8243;]<\/p>\n<p style=\"text-align: justify;\">Los participantes conocer\u00e1n las t\u00e9cnicas de la restauraci\u00f3n del material bibliogr\u00e1fico y su manejo higi\u00e9nico para que el personal realice reparaciones menores.<\/p>\n<p>[\/et_pb_tab][et_pb_tab title=&#8221;Avanzado &#8221; _builder_version=&#8221;3.4.1&#8243;]<\/p>\n<p style=\"text-align: justify;\">El participante conocer\u00e1 y utilizar\u00e1 los materiales, t\u00e9cnicas y procedimientos de las encuadernaciones: trenzado celta, costura vista reforzada, encuadernaci\u00f3n de estructura cruzada y de una caja de protecci\u00f3n para libros; y los aplicar\u00e1 en la planeaci\u00f3n y realizaci\u00f3n de proyectos de encuadernaci\u00f3n artesanal y poder hacer reparaciones mayores.<\/p>\n<p>[\/et_pb_tab][\/et_pb_tabs][\/et_pb_column][et_pb_column type=&#8221;1_2&#8243;][et_pb_text _builder_version=&#8221;3.4.1&#8243;]<\/p>\n<h3>Introducci\u00f3n al formato MARC<\/h3>\n<p>[\/et_pb_text][et_pb_tabs _builder_version=&#8221;3.4.1&#8243;][et_pb_tab title=&#8221;B\u00e1sico &#8221; _builder_version=&#8221;3.4.1&#8243;]<\/p>\n<p style=\"text-align: justify;\">Se propone informar en forma clara y precisa de que se tratan las herramientas que intervienen en el proceso de automatizaci\u00f3n del cat\u00e1logo de una biblioteca actual y entregar los suficientes conocimientos para crear e interpretar registros MARC.<\/p>\n<p>[\/et_pb_tab][et_pb_tab title=&#8221;Avanzado &#8221; _builder_version=&#8221;3.4.1&#8243;]<\/p>\n<p style=\"text-align: justify;\">Utilizar y aplicar el Formato MARC en la descripci\u00f3n y elaboraci\u00f3n de registros bibliogr\u00e1ficos, teniendo como base las Reglas de Catalogaci\u00f3n Angloamericanas 2\u00aa edici\u00f3n corregida y aumentada o las Reglas de Descripci\u00f3n y Acceso.<\/p>\n<p>[\/et_pb_tab][\/et_pb_tabs][\/et_pb_column][\/et_pb_row][\/et_pb_section][et_pb_section bb_built=&#8221;1&#8243; admin_label=&#8221;Service Section&#8221; _builder_version=&#8221;3.4.1&#8243; background_color=&#8221;#e8e8e8&#8243; border_width_all=&#8221;1px&#8221; border_style_all=&#8221;dotted&#8221; custom_padding=&#8221;89px||90px|&#8221; prev_background_color=&#8221;#ffffff&#8221; next_background_color=&#8221;#fcfcfc&#8221;][et_pb_row admin_label=&#8221;Section Title&#8221; custom_padding=&#8221;27px|0px|27px|0px&#8221; custom_margin=&#8221;|||&#8221; _builder_version=&#8221;3.0.91&#8243; locked=&#8221;off&#8221;][et_pb_column type=&#8221;1_2&#8243;][et_pb_text _builder_version=&#8221;3.4.1&#8243;]<\/p>\n<h3>Clasificaci\u00f3n de la Biblioteca del<br \/>\nCongreso LC<\/h3>\n<p>[\/et_pb_text][et_pb_text _builder_version=&#8221;3.4.1&#8243;]<\/p>\n<p><strong>Un Curso<\/strong><\/p>\n<p style=\"text-align: justify;\">Comprender y aplicar el Sistema de Clasificaci\u00f3n de la Biblioteca del Congreso en los diferentes materiales documentales de cualquier Unidad de Informaci\u00f3n, con la finalidad de organizar el acervo de acuerdo al tema esencial de su contenido, construir n\u00fameros de clasificaci\u00f3n correctos, consistentes y completos. Distinguir los principios en que se basa la teor\u00eda de la clasificaci\u00f3n del conocimiento y cu\u00e1les son sus elementos esenciales.<\/p>\n<p>[\/et_pb_text][\/et_pb_column][et_pb_column type=&#8221;1_2&#8243;][et_pb_text _builder_version=&#8221;3.4.1&#8243;]<\/p>\n<h3>Zotero: administrador de referencias bibliogr\u00e1ficas<\/h3>\n<p>[\/et_pb_text][et_pb_text _builder_version=&#8221;3.4.1&#8243;]<\/p>\n<p><strong>Un curso<\/strong><\/p>\n<p style=\"text-align: justify;\"><strong><br \/> <\/strong>Conocer\u00e1 y comprender\u00e1 el sistema de citas y referencias, su importancia en los trabajos cient\u00edficos y acad\u00e9micos.<\/p>\n<p>[\/et_pb_text][\/et_pb_column][\/et_pb_row][\/et_pb_section][et_pb_section bb_built=&#8221;1&#8243; admin_label=&#8221;Service Section&#8221; _builder_version=&#8221;3.4.1&#8243; background_color=&#8221;#fcfcfc&#8221; custom_padding=&#8221;89px||90px|&#8221; prev_background_color=&#8221;#e8e8e8&#8243; next_background_color=&#8221;#e8e8e8&#8243;][et_pb_row admin_label=&#8221;Section Title&#8221; custom_padding=&#8221;27px|0px|27px|0px&#8221; custom_margin=&#8221;|||&#8221; _builder_version=&#8221;3.0.91&#8243; locked=&#8221;off&#8221;][et_pb_column type=&#8221;1_2&#8243;][et_pb_text _builder_version=&#8221;3.4.1&#8243;]<\/p>\n<h3>Clasificaci\u00f3n Decimal Dewey (B\u00e1sico)<\/h3>\n<p>[\/et_pb_text][et_pb_text _builder_version=&#8221;3.4.1&#8243;]<\/p>\n<p><b>Curso<\/b><\/p>\n<p style=\"text-align: justify;\">Comprender y aplicar el Sistema de Clasificaci\u00f3n Decimal de Dewey, ed. 21 en los diferentes materiales documentales de cualquier Unidad de Informaci\u00f3n, con la finalidad de organizar el acervo de acuerdo al tema esencial de su contenido, construir n\u00fameros de clasificaci\u00f3n correctos, consistentes y completos. Distinguir los principios en que se basa la teor\u00eda de la clasificaci\u00f3n del conocimiento y cu\u00e1les son sus elementos esenciales.<\/p>\n<p>[\/et_pb_text][\/et_pb_column][et_pb_column type=&#8221;1_2&#8243;][et_pb_text _builder_version=&#8221;3.4.1&#8243;]<\/p>\n<h3>Administraci\u00f3n de ludotecas<\/h3>\n<p>[\/et_pb_text][et_pb_text _builder_version=&#8221;3.4.1&#8243;]<\/p>\n<p><strong>Un curso<\/strong><\/p>\n<p style=\"text-align: justify;\">Exponer los aspectos fundamentales sobre el dise\u00f1o y operaci\u00f3n de una ludoteca como recurso de apoyo en la labor educativa de instituciones y de desarrollo social en la comunidad.<\/p>\n<p>[\/et_pb_text][\/et_pb_column][\/et_pb_row][\/et_pb_section][et_pb_section bb_built=&#8221;1&#8243; admin_label=&#8221;Service Section&#8221; _builder_version=&#8221;3.4.1&#8243; background_color=&#8221;#e8e8e8&#8243; border_width_all=&#8221;1px&#8221; border_style_all=&#8221;dotted&#8221; custom_padding=&#8221;89px||90px|&#8221; prev_background_color=&#8221;#fcfcfc&#8221; next_background_color=&#8221;#ffffff&#8221;][et_pb_row admin_label=&#8221;Section Title&#8221; custom_padding=&#8221;27px|0px|27px|0px&#8221; custom_margin=&#8221;|||&#8221; _builder_version=&#8221;3.4.1&#8243; locked=&#8221;off&#8221;][et_pb_column type=&#8221;1_2&#8243;][et_pb_text _builder_version=&#8221;3.4.1&#8243;]<\/p>\n<h3>Automatizaci\u00f3n de Bibliotecas<\/h3>\n<p>[\/et_pb_text][et_pb_text _builder_version=&#8221;3.4.1&#8243;]<\/p>\n<p><strong>B\u00e1sico<\/strong><br \/> <strong>Intermedio<\/strong><br \/> <strong>Avanzado\u00a0<\/strong><\/p>\n<p style=\"text-align: justify;\">Proporcionar los elementos te\u00f3ricos y metodol\u00f3gicos que ayuden a racionalizar la toma de decisiones para la implementaci\u00f3n de procesos y servicios automatizados que permitan productos finales de organizaci\u00f3n, administraci\u00f3n, procesamiento, promoci\u00f3n, conservaci\u00f3n y recuperaci\u00f3n de informaci\u00f3n en las bibliotecas.<\/p>\n<p>[\/et_pb_text][\/et_pb_column][et_pb_column type=&#8221;1_2&#8243;][et_pb_text _builder_version=&#8221;3.4.1&#8243;]<\/p>\n<h3>Organizaci\u00f3n de los Archivos Institucionales<\/h3>\n<p>[\/et_pb_text][et_pb_text _builder_version=&#8221;3.4.1&#8243;]<\/p>\n<p><strong>B\u00e1sico<\/strong><br \/> <strong>Intermedio<\/strong><br \/> <strong>Avanzado\u00a0<\/strong><\/p>\n<p style=\"text-align: justify;\">Al t\u00e9rmino del curso el participante adquirir\u00e1 para su aplicaci\u00f3n los conocimientos para la administraci\u00f3n y organizaci\u00f3n de los Archivos (tramite, concentraci\u00f3n e hist\u00f3rico) con base a la interpretaci\u00f3n de la Ley Federal de Archivos, Lineamientos, reglamentos y normas vigentes para el adecuado manejo y control de los mismos.<\/p>\n<p>[\/et_pb_text][\/et_pb_column][\/et_pb_row][\/et_pb_section][et_pb_section bb_built=&#8221;1&#8243; admin_label=&#8221;Service Section&#8221; _builder_version=&#8221;3.4.1&#8243; custom_padding=&#8221;89px||90px|&#8221; prev_background_color=&#8221;#e8e8e8&#8243; next_background_color=&#8221;#f7f7f7&#8243;][et_pb_row admin_label=&#8221;Section Title&#8221; custom_padding=&#8221;27px|0px|27px|0px&#8221; custom_margin=&#8221;|||&#8221; _builder_version=&#8221;3.0.91&#8243; locked=&#8221;off&#8221;][et_pb_column type=&#8221;1_2&#8243;][et_pb_text _builder_version=&#8221;3.4.1&#8243;]<\/p>\n<h3>E-marketing para Bibliotecas<\/h3>\n<p>[\/et_pb_text][et_pb_text _builder_version=&#8221;3.4.1&#8243;]<\/p>\n<p><b>Un curso<\/b><\/p>\n<p style=\"text-align: justify;\">Proporcionar a los participantes una visi\u00f3n pr\u00e1ctica de los elementos generales que influyen en la optimizaci\u00f3n de las p\u00e1ginas web de bibliotecas y, por consecuencia, repercuten en su visibilidad e impacto. Distinguir los elementos aparentes y no aparentes de las p\u00e1ginas web que influyen en el posicionamiento que \u00e9stas obtienen en los resultados de los buscadores m\u00e1s comunes de Internet. Plantearse objetivos de optimizaci\u00f3n de las p\u00e1ginas web de sus bibliotecas.<\/p>\n<p>[\/et_pb_text][\/et_pb_column][et_pb_column type=&#8221;1_2&#8243;][et_pb_text _builder_version=&#8221;3.4.1&#8243;]<\/p>\n<h3>Introducci\u00f3n a RDA y formato MARC21<\/h3>\n<p>[\/et_pb_text][et_pb_text _builder_version=&#8221;3.4.1&#8243;]<\/p>\n<p><b>Un curso<\/b><\/p>\n<p style=\"text-align: justify;\">Conocer las caracter\u00edsticas del formato MARC para la catalogaci\u00f3n, los elementos, estructura del registro bibliogr\u00e1fico y de autoridades y conocer de manera general la normatividad de las RDA en la elaboraci\u00f3n de registros bibliogr\u00e1ficos y de autoridad, as\u00ed como comparaci\u00f3n entre estos dos sistemas de clasificaci\u00f3n.<\/p>\n<p>[\/et_pb_text][\/et_pb_column][\/et_pb_row][\/et_pb_section][et_pb_section bb_built=&#8221;1&#8243; admin_label=&#8221;Service Section&#8221; _builder_version=&#8221;3.4.1&#8243; background_color=&#8221;#f7f7f7&#8243; border_width_all=&#8221;1px&#8221; border_style_all=&#8221;dotted&#8221; custom_padding=&#8221;89px||90px|&#8221; prev_background_color=&#8221;#ffffff&#8221; next_background_color=&#8221;#ffffff&#8221;][et_pb_row admin_label=&#8221;Section Title&#8221; custom_padding=&#8221;27px|0px|27px|0px&#8221; custom_margin=&#8221;|||&#8221; _builder_version=&#8221;3.0.91&#8243; locked=&#8221;off&#8221;][et_pb_column type=&#8221;1_2&#8243;][et_pb_text _builder_version=&#8221;3.4.1&#8243;]<\/p>\n<h3>Open Journal System<\/h3>\n<p>[\/et_pb_text][et_pb_text _builder_version=&#8221;3.4.1&#8243;]<\/p>\n<p><b>B\u00e1sico<\/b><\/p>\n<p style=\"text-align: justify;\">Identificar los aspectos necesarios para la edici\u00f3n de Revistas Electr\u00f3nicas mediante la utilizaci\u00f3n del gestor especializado de contenidos Open Journal Systems (OJS) que permitan mostrar el funcionamiento total de OJS, crear, publicar y administrar una Revista Electr\u00f3nica en esta plataforma.<\/p>\n<p>[\/et_pb_text][\/et_pb_column][et_pb_column type=&#8221;1_2&#8243;][et_pb_text _builder_version=&#8221;3.4.1&#8243;]<\/p>\n<h3>B\u00fasqueda avanzada de informaci\u00f3n<\/h3>\n<p>[\/et_pb_text][et_pb_text _builder_version=&#8221;3.4.1&#8243;]<\/p>\n<p><b>Un curso<\/b><\/p>\n<p style=\"text-align: justify;\">El participante conocer\u00e1 las diferentes fuentes y estrategias especializadas y\u00a0 avanzadas de b\u00fasqueda y recuperaci\u00f3n de la informaci\u00f3n digital.<\/p>\n<p>[\/et_pb_text][\/et_pb_column][\/et_pb_row][\/et_pb_section][et_pb_section bb_built=&#8221;1&#8243; admin_label=&#8221;Service Section&#8221; _builder_version=&#8221;3.4.1&#8243; background_color=&#8221;#ffffff&#8221; custom_padding=&#8221;89px||90px|&#8221; prev_background_color=&#8221;#f7f7f7&#8243;][et_pb_row admin_label=&#8221;Section Title&#8221; custom_padding=&#8221;27px|0px|27px|0px&#8221; custom_margin=&#8221;|||&#8221; _builder_version=&#8221;3.0.91&#8243; locked=&#8221;off&#8221;][et_pb_column type=&#8221;1_2&#8243;][et_pb_text _builder_version=&#8221;3.4.1&#8243;]<\/p>\n<h3>Ordenaci\u00f3n topogr\u00e1fica de libros de acuerdo a la clasificaci\u00f3n LC o Dewey<\/h3>\n<p>[\/et_pb_text][et_pb_text _builder_version=&#8221;3.4.1&#8243;]<\/p>\n<p><strong>Un curso<\/strong><\/p>\n<p style=\"text-align: justify;\">Adquirir los conocimientos y herramientas para realizar el ordenamiento topogr\u00e1fico del material bibliogr\u00e1fico de acuerdo con la Clasificaci\u00f3n LC o la Clasificaci\u00f3n Decimal Dewey.<\/p>\n<p>[\/et_pb_text][\/et_pb_column][et_pb_column type=&#8221;1_2&#8243;][\/et_pb_column][\/et_pb_row][\/et_pb_section]<\/p>\n ","protected":false},"excerpt":{"rendered":"<p>Capacitaci\u00f3n Contamos con personal altamente calificado para brindarle cursos de capacitaci\u00f3n bibliotecaria y archiv\u00edstica, algunos de los cursos que impartimos son: Cursos<\/p>\n","protected":false},"author":1,"featured_media":0,"parent":0,"menu_order":0,"comment_status":"closed","ping_status":"closed","template":"","meta":{"_et_pb_use_builder":"on","_et_pb_old_content":"","_et_gb_content_width":"","om_disable_all_campaigns":false,"_monsterinsights_skip_tracking":false,"_monsterinsights_sitenote_active":false,"_monsterinsights_sitenote_note":"","_monsterinsights_sitenote_category":0,"footnotes":""},"class_list":["post-247","page","type-page","status-publish","hentry"],"aioseo_notices":[],"_links":{"self":[{"href":"https:\/\/bibliorion.com\/bibliorion\/index.php\/wp-json\/wp\/v2\/pages\/247"}],"collection":[{"href":"https:\/\/bibliorion.com\/bibliorion\/index.php\/wp-json\/wp\/v2\/pages"}],"about":[{"href":"https:\/\/bibliorion.com\/bibliorion\/index.php\/wp-json\/wp\/v2\/types\/page"}],"author":[{"embeddable":true,"href":"https:\/\/bibliorion.com\/bibliorion\/index.php\/wp-json\/wp\/v2\/users\/1"}],"replies":[{"embeddable":true,"href":"https:\/\/bibliorion.com\/bibliorion\/index.php\/wp-json\/wp\/v2\/comments?post=247"}],"version-history":[{"count":54,"href":"https:\/\/bibliorion.com\/bibliorion\/index.php\/wp-json\/wp\/v2\/pages\/247\/revisions"}],"predecessor-version":[{"id":610,"href":"https:\/\/bibliorion.com\/bibliorion\/index.php\/wp-json\/wp\/v2\/pages\/247\/revisions\/610"}],"wp:attachment":[{"href":"https:\/\/bibliorion.com\/bibliorion\/index.php\/wp-json\/wp\/v2\/media?parent=247"}],"curies":[{"name":"wp","href":"https:\/\/api.w.org\/{rel}","templated":true}]}}