{"id":376,"date":"2020-10-06T01:41:11","date_gmt":"2020-10-06T01:41:11","guid":{"rendered":"https:\/\/bibliorion.com\/bibliorion\/?page_id=376"},"modified":"2020-10-27T11:48:16","modified_gmt":"2020-10-27T17:48:16","slug":"modelo-s-5000","status":"publish","type":"page","link":"https:\/\/bibliorion.com\/bibliorion\/index.php\/modelo-s-5000\/","title":{"rendered":"Modelo S-5000"},"content":{"rendered":"<p>[et_pb_section bb_built=&#8221;1&#8243; admin_label=&#8221;Featured Project&#8221; disabled_on=&#8221;off|off|off&#8221; _builder_version=&#8221;3.4.1&#8243; custom_padding=&#8221;110px||110px|&#8221; next_background_color=&#8221;#e02b20&#8243;][et_pb_row admin_label=&#8221;Featured Project&#8221; _builder_version=&#8221;3.4.1&#8243;][et_pb_column type=&#8221;4_4&#8243;][et_pb_text admin_label=&#8221;Title&#8221; disabled_on=&#8221;off|off|off&#8221; _builder_version=&#8221;3.4.1&#8243; text_font=&#8221;Montserrat|||on|||||&#8221; text_font_size=&#8221;16px&#8221; text_line_height=&#8221;1.8em&#8221; header_2_font=&#8221;Montserrat|600||on|||||&#8221; header_2_font_size=&#8221;30px&#8221; header_2_line_height=&#8221;1.5em&#8221; text_orientation=&#8221;center&#8221; custom_margin=&#8221;||5px|&#8221; animation_style=&#8221;slide&#8221; animation_direction=&#8221;top&#8221; animation_intensity_slide=&#8221;20%&#8221; animation_starting_opacity=&#8221;100%&#8221;]<\/p>\n<p>&nbsp;<\/p>\n<div class=\"page-header\">\n<h2><strong>Modelo S-5000<br \/>\n<\/strong><\/h2>\n<div class=\"page_counter_label\"><span class=\"page_counter_text\" style=\"color:#c9c9c9;background:#FFFFFF;\">Total Page Visits: 7563<\/span><\/div>\n<h3><strong>Ficha t\u00e9cnica<br \/>\n<\/strong><\/h3>\n<p>&nbsp;<\/p>\n<\/div>\n<p>[\/et_pb_text][et_pb_text _builder_version=&#8221;3.4.1&#8243; text_font_size=&#8221;16px&#8221; text_line_height=&#8221;1.8em&#8221; max_width=&#8221;90%&#8221; custom_margin=&#8221;|||&#8221; animation_style=&#8221;flip&#8221; animation_direction=&#8221;left&#8221; animation_intensity_flip=&#8221;30%&#8221; animation_starting_opacity=&#8221;100%&#8221;]<\/p>\n<p style=\"text-align: justify;\"><strong>SAFE920<\/strong> es una c\u00e1mara de ozono automatizada que permite de forma segura para la salud de las personas la desinfecci\u00f3n de diversos materiales, tales como: libros y revistas contempor\u00e1neos, materiales de oficina, textiles, herramientas, etc., y se ofrece en diferentes modelos.<\/p>\n<p style=\"text-align: justify;\"><strong>El modelo S-500<\/strong> es una c\u00e1mara compacta ideal para los escritorios de pr\u00e9stamo y devoluci\u00f3n de material bibliogr\u00e1fico y documental para todo tipo de bibliotecas y archivos.<\/p>\n<p>&nbsp;<\/p>\n<p>&nbsp;<\/p>\n<p>&nbsp;<\/p>\n<p>[\/et_pb_text][et_pb_gallery gallery_ids=&#8221;390,391,392,393&#8243; show_title_and_caption=&#8221;off&#8221; _builder_version=&#8221;3.4.1&#8243;]<br \/>\n[\/et_pb_gallery][\/et_pb_column][\/et_pb_row][\/et_pb_section][et_pb_section bb_built=&#8221;1&#8243; _builder_version=&#8221;3.4.1&#8243; background_color=&#8221;#e02b20&#8243; prev_background_color=&#8221;#ffffff&#8221; next_background_color=&#8221;#8e8e8e&#8221;][et_pb_row _builder_version=&#8221;3.4.1&#8243;][et_pb_column type=&#8221;4_4&#8243;][et_pb_text admin_label=&#8221;Title&#8221; disabled_on=&#8221;off|off|off&#8221; _builder_version=&#8221;3.4.1&#8243; text_font=&#8221;Montserrat|||on|||||&#8221; text_font_size=&#8221;16px&#8221; text_line_height=&#8221;1.8em&#8221; header_2_font=&#8221;Montserrat|600||on|||||&#8221; header_2_font_size=&#8221;30px&#8221; header_2_line_height=&#8221;1.5em&#8221; text_orientation=&#8221;center&#8221; background_layout=&#8221;dark&#8221; custom_margin=&#8221;||5px|&#8221; animation_style=&#8221;slide&#8221; animation_direction=&#8221;top&#8221; animation_intensity_slide=&#8221;20%&#8221; animation_starting_opacity=&#8221;100%&#8221;]<\/p>\n<h2 style=\"text-align: center;\"><strong>CARACTER\u00cdSTICAS<\/strong><\/h2>\n<div class=\"page-header\">\n<h3><\/h3>\n<p>&nbsp;<\/p>\n<\/div>\n<p>[\/et_pb_text][\/et_pb_column][\/et_pb_row][et_pb_row _builder_version=&#8221;3.4.1&#8243;][et_pb_column type=&#8221;1_2&#8243;][et_pb_text _builder_version=&#8221;3.4.1&#8243; background_layout=&#8221;dark&#8221;]<\/p>\n<h4><strong>Seguridad<\/strong>:<\/h4>\n<ul>\n<li>Puerta de sello herm\u00e9tico de apertura y cierre controlado electr\u00f3nicamente<\/li>\n<li>Eliminaci\u00f3n del ozono residual<\/li>\n<\/ul>\n<h4><strong>Capacidad<\/strong>:<\/h4>\n<ul>\n<li>Desinfecci\u00f3n de hasta 50 libros dependiendo del grosor<\/li>\n<li>90 cent\u00edmetros lineales de espacio para desinfecci\u00f3n<\/li>\n<li>3 metros c\u00fabicos de espacio para desinfecci\u00f3n<\/li>\n<li>Volumen total de la c\u00e1mara 0.5 m3<\/li>\n<\/ul>\n<h4><strong>Dimensiones<\/strong>:<\/h4>\n<h4>Largo = 100 cm, Ancho = 60 cm, Alto = 136 cm<\/h4>\n<p>[\/et_pb_text][et_pb_text _builder_version=&#8221;3.4.1&#8243; background_layout=&#8221;dark&#8221;]<\/p>\n<h4><strong>Tiempo<\/strong>:<\/h4>\n<ul>\n<li>Tiempo de desinfecci\u00f3n: 6 minutos (programable)<\/li>\n<li>Tiempo de depuraci\u00f3n: 1 minuto<\/li>\n<\/ul>\n<h4>Tiempo total por ciclo: 7 minutos<\/h4>\n<p>&nbsp;<\/p>\n<h4><strong>Sistema de administraci\u00f3n y monitoreo<\/strong>:<\/h4>\n<p>La operaci\u00f3n de la c\u00e1mara se controla por medio de un Software de Administraci\u00f3n y monitoreo, el cual ofrece las siguientes funcionalidades:<\/p>\n<ul>\n<li>Configuraci\u00f3n de los tiempos de desinfecci\u00f3n y depuraci\u00f3n<\/li>\n<li>Importaci\u00f3n de items en formato ISO 2709 o en formato tabular<\/li>\n<li>Registro de items a desinfectar por medio de lectura de c\u00f3digo de barras o RFID<\/li>\n<li>Verificaci\u00f3n de puerta cerrada al arrancar el proceso<\/li>\n<li>Activaci\u00f3n del seguro de la puerta previo al arranque del proceso<\/li>\n<li>Control y monitoreo del proceso de desinfecci\u00f3n-depuraci\u00f3n<\/li>\n<li>Generaci\u00f3n de reportes y estad\u00edsticas de desinfecci\u00f3n.<\/li>\n<\/ul>\n<p>[\/et_pb_text][\/et_pb_column][et_pb_column type=&#8221;1_2&#8243;][et_pb_text _builder_version=&#8221;3.4.1&#8243; background_layout=&#8221;dark&#8221;]<\/p>\n<h4><strong>Proceso<\/strong>:<\/h4>\n<p>Cada ciclo consta de dos fases:<\/p>\n<p>&nbsp;<\/p>\n<h4><strong>\u00a01 Desinfecci\u00f3n<\/strong><\/h4>\n<ul>\n<li>En esta fase se genera el ozono y turbulencia interior para asegurar la penetraci\u00f3n en todas las partes de los materiales.<\/li>\n<\/ul>\n<h5><strong>2 Depuraci\u00f3n<\/strong><\/h5>\n<ul>\n<li>En esta fase se elimina el ozono reconvirti\u00e9ndolo en oxigeno<\/li>\n<\/ul>\n<h4><strong>Concentraci\u00f3n<\/strong>:<\/h4>\n<h4>10 a 20 ppm de ozono.<\/h4>\n<p>[\/et_pb_text][et_pb_text _builder_version=&#8221;3.4.1&#8243; background_layout=&#8221;dark&#8221;]<\/p>\n<h4><strong>Ergonom\u00eda<\/strong>:<\/h4>\n<p>La c\u00e1mara se ha dise\u00f1ado para permitir que el personal pueda introducir los materiales c\u00f3modamente sentado, y cuenta con los siguientes componentes:<\/p>\n<ul>\n<li>Charola portaobjetos a 55 cm<\/li>\n<li>Puerta elevable<\/li>\n<li>Ventana de vidrio templado<\/li>\n<li>Arranque desde la computadora<\/li>\n<\/ul>\n<p>[\/et_pb_text][\/et_pb_column][\/et_pb_row][\/et_pb_section][et_pb_section bb_built=&#8221;1&#8243; _builder_version=&#8221;3.4.1&#8243; background_color=&#8221;#8e8e8e&#8221; prev_background_color=&#8221;#e02b20&#8243; next_background_color=&#8221;#ffffff&#8221;][et_pb_row _builder_version=&#8221;3.0.47&#8243; background_size=&#8221;initial&#8221; background_position=&#8221;top_left&#8221; background_repeat=&#8221;repeat&#8221;][et_pb_column type=&#8221;4_4&#8243;][et_pb_text admin_label=&#8221;Title&#8221; disabled_on=&#8221;off|off|off&#8221; _builder_version=&#8221;3.4.1&#8243; text_font=&#8221;Montserrat|||on|||||&#8221; text_font_size=&#8221;16px&#8221; text_line_height=&#8221;1.8em&#8221; header_2_font=&#8221;Montserrat|600||on|||||&#8221; header_2_font_size=&#8221;30px&#8221; header_2_line_height=&#8221;1.5em&#8221; text_orientation=&#8221;center&#8221; background_layout=&#8221;dark&#8221; custom_margin=&#8221;||5px|&#8221; animation_style=&#8221;slide&#8221; animation_direction=&#8221;top&#8221; animation_intensity_slide=&#8221;20%&#8221; animation_starting_opacity=&#8221;100%&#8221;]<\/p>\n<h2 style=\"text-align: center;\"><strong>VENTAJAS<\/strong><\/h2>\n<h2 style=\"text-align: center;\"><\/h2>\n<div class=\"page-header\">\n<h3><\/h3>\n<p>&nbsp;<\/p>\n<\/div>\n<p>[\/et_pb_text][et_pb_text _builder_version=&#8221;3.4.1&#8243; text_font_size=&#8221;18px&#8221; background_layout=&#8221;dark&#8221;]<\/p>\n<p style=\"text-align: center;\">Alta seguridad para el personal, los usuarios y el medio ambiente.<\/p>\n<p style=\"text-align: center;\">El operador no requiere de equipo de protecci\u00f3n especial para realizar la desinfecci\u00f3n.<\/p>\n<p style=\"text-align: center;\">Se puede importar la informaci\u00f3n del acervo.<\/p>\n<p style=\"text-align: center;\">Permite el seguimiento de los materiales desinfectados.<\/p>\n<p style=\"text-align: center;\">Genera reportes por periodo de tiempo y por \u00edtems.<\/p>\n<p style=\"text-align: center;\">Proporciona estad\u00edsticas de desinfecci\u00f3n.<\/p>\n<p style=\"text-align: center;\">El acervo est\u00e1 a disposici\u00f3n r\u00e1pidamente.<\/p>\n<p style=\"text-align: center;\">La duraci\u00f3n del proceso es configurable.<\/p>\n<p>[\/et_pb_text][\/et_pb_column][\/et_pb_row][\/et_pb_section][et_pb_section bb_built=&#8221;1&#8243; admin_label=&#8221;Footer Section&#8221; _builder_version=&#8221;3.0.89&#8243; background_image=&#8221;https:\/\/bibliorion.com\/bibliorion\/wp-content\/uploads\/2020\/10\/10_img.jpg&#8221; background_position=&#8221;top_center&#8221; custom_padding=&#8221;90px||90px|&#8221; prev_background_color=&#8221;#8e8e8e&#8221;][et_pb_row admin_label=&#8221;Footer Area&#8221; custom_padding=&#8221;|||&#8221; custom_margin=&#8221;|||&#8221; _builder_version=&#8221;3.0.89&#8243; locked=&#8221;off&#8221;][et_pb_column type=&#8221;4_4&#8243;][et_pb_text admin_label=&#8221;Title&#8221; _builder_version=&#8221;3.4.1&#8243; header_2_font=&#8221;Montserrat|600||on|||||&#8221; header_2_font_size=&#8221;30px&#8221; header_2_line_height=&#8221;1.5em&#8221; custom_margin=&#8221;||5px|&#8221; animation_style=&#8221;slide&#8221; animation_direction=&#8221;top&#8221; animation_intensity_slide=&#8221;20%&#8221; animation_starting_opacity=&#8221;100%&#8221;]<\/p>\n<h2>CONT\u00c1CTANOS, NOS ENCANTAR\u00c1 ESCUCHARTE<\/h2>\n<p>[\/et_pb_text][et_pb_divider show_divider=&#8221;off&#8221; _builder_version=&#8221;3.2&#8243; max_width=&#8221;23px&#8221; animation_style=&#8221;slide&#8221;]<br \/>\n[\/et_pb_divider][\/et_pb_column][\/et_pb_row][et_pb_row admin_label=&#8221;Contact Form Area&#8221; _builder_version=&#8221;3.0.89&#8243;][et_pb_column type=&#8221;1_2&#8243;][et_pb_contact_form captcha=&#8221;off&#8221; submit_button_text=&#8221;Enviar &#8221; form_background_color=&#8221;#ffffff&#8221; module_id=&#8221;et_pb_contact_form_0&#8243; _builder_version=&#8221;3.4.1&#8243; form_field_font=&#8221;Montserrat|300|||||||&#8221; form_field_font_size=&#8221;16px&#8221; border_width_all=&#8221;1px&#8221; border_color_all=&#8221;rgba(0,0,0,0.12)&#8221; custom_button=&#8221;on&#8221; button_text_size=&#8221;16px&#8221; button_text_color=&#8221;#ffffff&#8221; button_bg_color=&#8221;#e02b20&#8243; button_border_width=&#8221;8px&#8221; button_border_color=&#8221;#e02b20&#8243; button_letter_spacing=&#8221;2px&#8221; button_font=&#8221;Montserrat|600||on|||||&#8221; animation_style=&#8221;fade&#8221;][et_pb_contact_field field_id=&#8221;Name&#8221; field_title=&#8221;Nombre&#8221; fullwidth_field=&#8221;on&#8221; _builder_version=&#8221;3.4.1&#8243; form_field_font=&#8221;||||||||&#8221;][\/et_pb_contact_field][et_pb_contact_field field_id=&#8221;Email&#8221; field_title=&#8221;Email &#8221; field_type=&#8221;email&#8221; fullwidth_field=&#8221;on&#8221; _builder_version=&#8221;3.4.1&#8243; form_field_font=&#8221;||||||||&#8221;][\/et_pb_contact_field][et_pb_contact_field field_id=&#8221;Subject&#8221; field_title=&#8221;Asunto&#8221; fullwidth_field=&#8221;on&#8221; _builder_version=&#8221;3.4.1&#8243; form_field_font=&#8221;||||||||&#8221;][\/et_pb_contact_field][et_pb_contact_field field_id=&#8221;Message&#8221; field_title=&#8221;Mensaje&#8221; field_type=&#8221;text&#8221; fullwidth_field=&#8221;on&#8221; _builder_version=&#8221;3.4.1&#8243; form_field_font=&#8221;||||||||&#8221;][\/et_pb_contact_field][\/et_pb_contact_form][\/et_pb_column][et_pb_column type=&#8221;1_2&#8243;][\/et_pb_column][\/et_pb_row][\/et_pb_section]<\/p>\n ","protected":false},"excerpt":{"rendered":"<p>&nbsp; Modelo S-5000 <div class=\"page_counter_label\"><span class=\"page_counter_text\" style=\"color:#c9c9c9;background:#FFFFFF;\">Total Page Visits: 7563<\/span><\/div> Ficha t\u00e9cnica &nbsp; SAFE920 es una c\u00e1mara de ozono automatizada que permite de forma segura para la salud de las personas la desinfecci\u00f3n de diversos materiales, tales como: libros y revistas contempor\u00e1neos, materiales de oficina, textiles, herramientas, etc., y se ofrece en diferentes modelos. El modelo S-500 es una c\u00e1mara compacta [&hellip;]<\/p>\n","protected":false},"author":1,"featured_media":0,"parent":0,"menu_order":0,"comment_status":"closed","ping_status":"closed","template":"","meta":{"_et_pb_use_builder":"on","_et_pb_old_content":"","_et_gb_content_width":"","om_disable_all_campaigns":false,"_monsterinsights_skip_tracking":false,"_monsterinsights_sitenote_active":false,"_monsterinsights_sitenote_note":"","_monsterinsights_sitenote_category":0,"footnotes":""},"class_list":["post-376","page","type-page","status-publish","hentry"],"aioseo_notices":[],"_links":{"self":[{"href":"https:\/\/bibliorion.com\/bibliorion\/index.php\/wp-json\/wp\/v2\/pages\/376"}],"collection":[{"href":"https:\/\/bibliorion.com\/bibliorion\/index.php\/wp-json\/wp\/v2\/pages"}],"about":[{"href":"https:\/\/bibliorion.com\/bibliorion\/index.php\/wp-json\/wp\/v2\/types\/page"}],"author":[{"embeddable":true,"href":"https:\/\/bibliorion.com\/bibliorion\/index.php\/wp-json\/wp\/v2\/users\/1"}],"replies":[{"embeddable":true,"href":"https:\/\/bibliorion.com\/bibliorion\/index.php\/wp-json\/wp\/v2\/comments?post=376"}],"version-history":[{"count":12,"href":"https:\/\/bibliorion.com\/bibliorion\/index.php\/wp-json\/wp\/v2\/pages\/376\/revisions"}],"predecessor-version":[{"id":630,"href":"https:\/\/bibliorion.com\/bibliorion\/index.php\/wp-json\/wp\/v2\/pages\/376\/revisions\/630"}],"wp:attachment":[{"href":"https:\/\/bibliorion.com\/bibliorion\/index.php\/wp-json\/wp\/v2\/media?parent=376"}],"curies":[{"name":"wp","href":"https:\/\/api.w.org\/{rel}","templated":true}]}}