{"id":397,"date":"2020-10-07T02:01:21","date_gmt":"2020-10-07T02:01:21","guid":{"rendered":"https:\/\/bibliorion.com\/bibliorion\/?page_id=397"},"modified":"2020-10-07T02:07:03","modified_gmt":"2020-10-07T02:07:03","slug":"nosotros","status":"publish","type":"page","link":"https:\/\/bibliorion.com\/bibliorion\/index.php\/nosotros\/","title":{"rendered":"Nosotros"},"content":{"rendered":"<p>[et_pb_section bb_built=&#8221;1&#8243; admin_label=&#8221;Featured Project&#8221; disabled_on=&#8221;off|off|off&#8221; _builder_version=&#8221;3.4.1&#8243; custom_padding=&#8221;110px||110px|&#8221;][et_pb_row admin_label=&#8221;Featured Project&#8221; _builder_version=&#8221;3.4.1&#8243;][et_pb_column type=&#8221;4_4&#8243;][et_pb_text admin_label=&#8221;Title&#8221; disabled_on=&#8221;off|off|off&#8221; _builder_version=&#8221;3.4.1&#8243; text_font=&#8221;Montserrat|||on|||||&#8221; text_font_size=&#8221;16px&#8221; text_line_height=&#8221;1.8em&#8221; header_2_font=&#8221;Montserrat|600||on|||||&#8221; header_2_font_size=&#8221;30px&#8221; header_2_line_height=&#8221;1.5em&#8221; custom_margin=&#8221;||5px|&#8221; animation_style=&#8221;slide&#8221; animation_direction=&#8221;top&#8221; animation_intensity_slide=&#8221;20%&#8221; animation_starting_opacity=&#8221;100%&#8221;]<\/p>\n<p>&nbsp;<\/p>\n<div class=\"page-header\">\n<div class=\"page-header\">\n<h2>Nosotros<\/h2>\n<\/div>\n<div class=\"icons\">\n<div class=\"btn-group pull-right\"><\/div>\n<\/div>\n<\/div>\n<p>[\/et_pb_text][et_pb_divider color=&#8221;#f46624&#8243; divider_weight=&#8221;3px&#8221; _builder_version=&#8221;3.0.91&#8243; max_width=&#8221;23px&#8221; module_alignment=&#8221;left&#8221; animation_style=&#8221;slide&#8221; animation_intensity_slide=&#8221;20%&#8221; animation_starting_opacity=&#8221;100%&#8221; locked=&#8221;off&#8221; show_divider=&#8221;off&#8221; \/][et_pb_text _builder_version=&#8221;3.4.1&#8243; text_font_size=&#8221;16px&#8221; text_line_height=&#8221;1.8em&#8221; max_width=&#8221;90%&#8221; custom_margin=&#8221;|||&#8221; animation_style=&#8221;flip&#8221; animation_direction=&#8221;left&#8221; animation_intensity_flip=&#8221;30%&#8221; animation_starting_opacity=&#8221;100%&#8221;]<\/p>\n<h2><b>Misi\u00f3n<\/b><b>. <\/b><\/h2>\n<p>Proporcionar servicios integrales en el desarrollo, conservaci\u00f3n y mantenimiento de la informaci\u00f3n dirigido a bibliotecas, archivos y centros de documentaci\u00f3n.<\/p>\n<h2><b>Visi\u00f3n. <\/b><\/h2>\n<p>Consolidarse como una empresa proveedora de servicios de excelencia que contribuyan a la oportuna obtenci\u00f3n de informaci\u00f3n de la comunidad de usuarios del \u00e1mbito archiv\u00edstico, bibliotecario y documental.<\/p>\n<h2><b>Objetivo. <\/b><\/h2>\n<p>Ofrecer seriedad y puntualidad en la realizaci\u00f3n de los trabajos encomendados, para as\u00ed posesionarnos dentro del mercado, agregando valor a la actividad documental de nuestros clientes.<\/p>\n<p>[\/et_pb_text][\/et_pb_column][\/et_pb_row][\/et_pb_section]<\/p>\n ","protected":false},"excerpt":{"rendered":"<p>&nbsp; Nosotros Misi\u00f3n. Proporcionar servicios integrales en el desarrollo, conservaci\u00f3n y mantenimiento de la informaci\u00f3n dirigido a bibliotecas, archivos y centros de documentaci\u00f3n. Visi\u00f3n. Consolidarse como una empresa proveedora de servicios de excelencia que contribuyan a la oportuna obtenci\u00f3n de informaci\u00f3n de la comunidad de usuarios del \u00e1mbito archiv\u00edstico, bibliotecario y documental. Objetivo. Ofrecer seriedad [&hellip;]<\/p>\n","protected":false},"author":1,"featured_media":0,"parent":0,"menu_order":0,"comment_status":"closed","ping_status":"closed","template":"","meta":{"_et_pb_use_builder":"on","_et_pb_old_content":"","_et_gb_content_width":"","om_disable_all_campaigns":false,"_monsterinsights_skip_tracking":false,"_monsterinsights_sitenote_active":false,"_monsterinsights_sitenote_note":"","_monsterinsights_sitenote_category":0,"footnotes":""},"class_list":["post-397","page","type-page","status-publish","hentry"],"aioseo_notices":[],"_links":{"self":[{"href":"https:\/\/bibliorion.com\/bibliorion\/index.php\/wp-json\/wp\/v2\/pages\/397"}],"collection":[{"href":"https:\/\/bibliorion.com\/bibliorion\/index.php\/wp-json\/wp\/v2\/pages"}],"about":[{"href":"https:\/\/bibliorion.com\/bibliorion\/index.php\/wp-json\/wp\/v2\/types\/page"}],"author":[{"embeddable":true,"href":"https:\/\/bibliorion.com\/bibliorion\/index.php\/wp-json\/wp\/v2\/users\/1"}],"replies":[{"embeddable":true,"href":"https:\/\/bibliorion.com\/bibliorion\/index.php\/wp-json\/wp\/v2\/comments?post=397"}],"version-history":[{"count":2,"href":"https:\/\/bibliorion.com\/bibliorion\/index.php\/wp-json\/wp\/v2\/pages\/397\/revisions"}],"predecessor-version":[{"id":400,"href":"https:\/\/bibliorion.com\/bibliorion\/index.php\/wp-json\/wp\/v2\/pages\/397\/revisions\/400"}],"wp:attachment":[{"href":"https:\/\/bibliorion.com\/bibliorion\/index.php\/wp-json\/wp\/v2\/media?parent=397"}],"curies":[{"name":"wp","href":"https:\/\/api.w.org\/{rel}","templated":true}]}}